. Suppose 0 = -5*u + 1 + 4. What is the greatest common divisor of u and p?
1
Let i = 9 + -6. Suppose -i*j = -10 - 23. Suppose 4*t - 1868 = -1864. What is the highest common factor of t and j?
1
Let c = 1733 - 1721. What is the greatest common divisor of 188 and c?
4
Let f = -14 - -2. Let t be (f/8)/(12/(-56)). Calculate the highest common factor of t and 42.
7
Let p be (-483)/6*18/9. Let x = -103 - p. Calculate the greatest common divisor of 29 and x.
29
Suppose -3*x + 3*c + 135 = 0, 5*c - 175 = 4*x - 9*x. What is the greatest common factor of 35 and x?
5
Suppose 0 = -f, 0 = -5*p + f + 2 + 18. Suppose p*z = 4*c + 8, 3*c + 11 = -2*z + 6*z. Calculate the greatest common factor of z and 5.
5
Let o be -1 + (3 - 2) + 7. Let k(f) = 2*f**3 - 6*f**2 + 8*f - 10. Let c be k(3). Calculate the greatest common divisor of c and o.
7
Let j(n) = 2*n**2 + 3*n - 2*n**2 - 6 - n**2 + 5*n. Let a be j(4). Let s be ((-54)/a)/(3/(-15)). Calculate the greatest common divisor of s and 27.
27
Let b = -240 + 475. Let k = b + -107. Suppose -3 - 13 = -g. Calculate the highest common divisor of k and g.
16
Let z = 326 + -47. Suppose 7*v - z = 36. What is the highest common factor of 5 and v?
5
Suppose 2*u + 147 = 23*u. Let n(t) = -25*t - 1. Let y be n(-2). Calculate the highest common divisor of y and u.
7
Suppose 14 - 96 = -2*d. Suppose 4*g - 31 = -0*j - 3*j, -d = -5*j + 4*g. Let a be ((-7)/(-14) - 1)/(2/(-4)). Calculate the greatest common divisor of a and j.
1
Suppose 2*k - 30 = 54. Let p be k/30*(7 + -2). What is the greatest common factor of 28 and p?
7
Let x = 18 + -18. Suppose 0 = -m - 3*f + 14 - x, 5*m + 4*f = 37. What is the greatest common divisor of m and 5?
5
Let h be (-2)/((-2)/105) - (-44 + 47). Suppose 5*u - 513 = 3*w + h, -3*u = -2*w - 370. Calculate the greatest common divisor of u and 15.
15
Let f(b) = b**3 + 10*b**2 + 19*b + 13. Let i be f(-6). What is the greatest common factor of 1075 and i?
43
Suppose -4*n + 21 = -f + 142, -n = f - 136. What is the highest common divisor of f and 57?
19
Let d = 32 + -57. Let y = -9 - d. Let z be 220/14 + 2/7. What is the greatest common divisor of z and y?
16
Let z(j) = 4*j**2 + 21*j - 12. Let b be z(-6). Let w be (-51)/(-12) - 2/8. Calculate the highest common divisor of w and b.
2
Let q(r) = 21*r**2 + 2*r - 3. Let c be q(2). Let n = c - 138. Let k = n - -95. Calculate the greatest common factor of k and 14.
14
Let g be 9/2 + 5/10. Suppose 5 = g*s - 0*s. What is the highest common factor of s and 9?
1
Let f be ((-8)/(-12))/(8/(-60)). Let x(q) = q**3 + 7*q**2 + 6*q. Let j be x(f). What is the greatest common factor of 30 and j?
10
Let z be 1 - (-2)/(-4) - (-8453)/(-158). Let m = z + 123. Calculate the highest common factor of 28 and m.
14
Suppose 4*z - 16 = -0*z. Let y = -2 + z. Suppose 0 - 16 = -2*b. Calculate the highest common factor of y and b.
2
Let v = 1363 + -903. Calculate the highest common factor of 20 and v.
20
Let p(w) = -7*w**2 + 229 + 6*w**3 - 5*w**3 - 213 - 3*w. Let b be p(8). Suppose -3*c = -c - b. What is the greatest common factor of 224 and c?
28
Let x(b) = b**3 - 6*b**2 + 3*b - 22. Let a be x(7). Calculate the greatest common factor of a and 648.
24
Let i = 1424 - 1254. What is the highest common factor of 646 and i?
34
Let w be 3 + (-258)/18*-6. Suppose 98 = o + w. What is the highest common factor of o and 15?
3
Let r be (2 + (-2)/5)/(9/810). What is the highest common divisor of r and 48?
48
Suppose 0 = -5*v + 237 + 43. Let y be (-144)/60 + 4/10. Let a be (-3 - y)/(3/(-21)). Calculate the highest common factor of a and v.
7
Suppose 132*k - 131*k + 236 = h, h = -4*k + 211. What is the greatest common factor of h and 132?
33
Suppose 5*w = -4*l + 300, -l - 3*w + 150 = l. Let t = l + -43. What is the greatest common divisor of 128 and t?
32
Let v(t) = -t**2 - 23*t - 17. Suppose -5*w + 3*j = -j + 89, -3*w = 2*j + 49. Let k be v(w). Calculate the highest common divisor of 34 and k.
17
Suppose 123*b - 124*b + 10 = 0. Let s = 46 + -26. What is the greatest common factor of b and s?
10
Let r = 11 - 0. What is the highest common factor of r and 2?
1
Suppose -8*r - 110 = -3*r. Let s = r - -161. Suppose -3*w + 0*w + 100 = 5*b, 4*w = -b + s. Calculate the greatest common factor of 385 and w.
35
Let w = 8 - 0. Suppose -2*v - w = -26. What is the greatest common divisor of 9 and v?
9
Let s(m) = 2*m**2 - 17*m + 11. Let i be s(9). Let c = i + 1. What is the greatest common divisor of 14 and c?
7
Suppose -2*f + 29 + 7 = 4*v, -5 = -v. What is the greatest common divisor of 1 and f?
1
Let i = -31 - -46. Let a = i - 4. Let r be (2 + 1 - 7) + (-78)/(-3). Calculate the greatest common factor of r and a.
11
Let a = -5 + -24. Let h = a - -77. What is the highest common divisor of h and 16?
16
Let w = 14 + -11. Let v be 3 - (-1 - (w + -6)). Suppose -4*o + 11 = -25. What is the greatest common factor of v and o?
1
Let b(g) = g**2 + g + 1. Suppose 2*o + 2*w - 2 = -0*w, 3*w = 5*o + 35. Let p be b(o). Calculate the highest common factor of p and 117.
13
Let n = -250 - -270. What is the highest common divisor of 4 and n?
4
Suppose -2*j + 2*v + 222 + 100 = 0, 0 = 5*j + v - 799. What is the greatest common factor of j and 20?
20
Let t be (110/33)/((-4)/(-102)). Let k = 105 - 72. Let a = t - k. What is the highest common factor of a and 13?
13
Suppose -4*z = -3*t + 2*t - 1517, 5*z - 1880 = -2*t. Calculate the highest common factor of 42 and z.
42
Suppose -13*j - 2777 + 21 = 0. Let t = -144 - j. What is the highest common divisor of 17 and t?
17
Let d be (-5 - -4)*(-340)/4. Calculate the highest common divisor of 17 and d.
17
Let a be (-57)/(-2)*640/96. Calculate the greatest common divisor of 38 and a.
38
Let p(c) = 7*c**2 + 4. Let r be p(-2). Suppose 10*x - 144 = x. Calculate the greatest common factor of r and x.
16
Let p be 4*(-90)/(-24) + (-2 - -3). Calculate the highest common factor of 752 and p.
16
Let p be (-880)/(-26) + 4/26. Let b = -26 + p. What is the greatest common divisor of b and 1?
1
Let j be ((224/(-5))/7)/((-2)/95). Suppose -h + j = 4*o, -4*o + 270 = -2*h - 46. What is the highest common factor of o and 7?
7
Let r(p) be the first derivative of -p**3/3 - 3*p**2/2 + 9. Let x be r(-4). Let a = x - -17. What is the highest common factor of 26 and a?
13
Suppose x = d - 4*d + 7, 0 = -4*d + 8. Suppose 5*o + x - 41 = -s, 2*s = 0. What is the greatest common divisor of o and 64?
8
Suppose -2*x + 20 = -7*x, -3*j + 64 = 2*x. Let f be (1*-138)/(3/4). Let s = 352 + f. Calculate the highest common divisor of s and j.
24
Let q(y) = 4*y**2 - 10*y + 8. Let c be q(1). What is the greatest common divisor of c and 8?
2
Let r = 2042 + -1971. What is the greatest common factor of r and 284?
71
Suppose 25*a - 24*a - m = 490, -2434 = -5*a + m. Calculate the greatest common factor of 216 and a.
54
Let b be (10/(-25))/(2/50). Let n be ((-2)/(-5))/((-22)/b - 2). Calculate the greatest common divisor of n and 10.
2
Let a(i) = -i**2 + 0 - 4 - 13*i - 13*i**2 + i**3 + 2. Let v be a(15). What is the greatest common divisor of v and 14?
14
Suppose -6*m + 5*m = -13. Suppose 3*y = -s + 21, 105 = 3*s - 48*y + 50*y. What is the highest common divisor of m and s?
13
Let p(y) = 2*y**2 + 6*y. Let b be p(-4). Let l = 6 - b. Let z be 2/l*35/(-1). Calculate the greatest common factor of 7 and z.
7
Let t be (3/6)/(4/120). Suppose 13 = 4*g + 5. Suppose -j - 3 = -g*j. What is the highest common divisor of j and t?
3
Let u be (-5 - 184/(-36)) + (-1294)/(-18). Suppose -4*s + 3*w + 17 = 0, -w = -4*s - 2*w + 37. What is the greatest common factor of u and s?
8
Let x be -1 - 2362/(-12) - (-52)/312. Calculate the greatest common divisor of x and 56.
28
Suppose 0 = -b - 5*t - 41, -2*b = -3*b - 3*t - 47. Let l be 0 + 3*b/(-6). Let m = 128 + -72. Calculate the greatest common factor of l and m.
28
Let s(n) = -25*n - 294. Let g be s(-12). Calculate the highest common factor of 9 and g.
3
Let k = 69 - 50. Suppose -35 = -6*g + k. Calculate the highest common divisor of 36 and g.
9
Suppose 4*x = -3*d + x - 102, 3*x - 101 = 4*d. Let n = d - -39. Suppose g - n = 4*t, t + 0*t - 29 = -5*g. Calculate the highest common divisor of g and 48.
6
Suppose -4*y = -4*k - 1740, -2*y + 59*k - 56*k = -871. What is the highest common divisor of y and 28?
14
Let h be 0*3/9*1. Supp